git of 611533?
5
What is the ten thousands digit of 35396?
3
What is the ten thousands digit of 357591?
5
What is the hundreds digit of 673948?
9
What is the ten thousands digit of 64333?
6
What is the hundred thousands digit of 9374933?
3
What is the thousands digit of 69790?
9
What is the thousands digit of 508886?
8
What is the hundreds digit of 5974445?
4
What is the hundred thousands digit of 1090581?
0
What is the hundred thousands digit of 116900?
1
What is the thousands digit of 394885?
4
What is the tens digit of 6046488?
8
What is the hundreds digit of 302865?
8
What is the hundreds digit of 23087385?
3
What is the ten thousands digit of 221758?
2
What is the hundred thousands digit of 249676?
2
What is the millions digit of 1049781?
1
What is the thousands digit of 460875?
0
What is the hundred thousands digit of 5294867?
2
What is the hundreds digit of 195106?
1
What is the units digit of 706879?
9
What is the thousands digit of 47606?
7
What is the millions digit of 1111719?
1
What is the tens digit of 5410036?
3
What is the hundred thousands digit of 3667586?
6
What is the thousands digit of 1698327?
8
What is the hundred thousands digit of 22345045?
3
What is the millions digit of 1647967?
1
What is the ten thousands digit of 2363936?
6
What is the ten thousands digit of 16816065?
1
What is the hundreds digit of 104574?
5
What is the hundred thousands digit of 44394249?
3
What is the thousands digit of 592123?
2
What is the tens digit of 1334741?
4
What is the millions digit of 1352904?
1
What is the hundred thousands digit of 6833200?
8
What is the units digit of 15537?
7
What is the ten thousands digit of 16204303?
0
What is the tens digit of 341658?
5
What is the thousands digit of 411230?
1
What is the ten thousands digit of 1045710?
4
What is the units digit of 317561?
1
What is the tens digit of 166127?
2
What is the hundreds digit of 265332?
3
What is the tens digit of 4099676?
7
What is the hundred thousands digit of 1263692?
2
What is the millions digit of 1114719?
1
What is the ten thousands digit of 627010?
2
What is the thousands digit of 2897145?
7
What is the hundreds digit of 416374?
3
What is the hundreds digit of 304667?
6
What is the millions digit of 3057226?
3
What is the tens digit of 47168?
6
What is the hundred thousands digit of 131930?
1
What is the ten thousands digit of 1349316?
4
What is the tens digit of 1860960?
6
What is the millions digit of 7028561?
7
What is the hundred thousands digit of 118720?
1
What is the thousands digit of 148493?
8
What is the hundred thousands digit of 3901441?
9
What is the units digit of 4948311?
1
What is the ten thousands digit of 23310?
2
What is the hundreds digit of 4202644?
6
What is the ten thousands digit of 5455580?
5
What is the ten thousands digit of 27250721?
5
What is the thousands digit of 3055705?
5
What is the ten thousands digit of 665433?
6
What is the tens digit of 33149227?
2
What is the hundred thousands digit of 145089?
1
What is the ten thousands digit of 15573664?
7
What is the tens digit of 776093?
9
What is the hundred thousands digit of 551459?
5
What is the ten thousands digit of 430904?
3
What is the units digit of 397818?
8
What is the millions digit of 1613292?
1
What is the tens digit of 1671260?
6
What is the hundred thousands digit of 39543143?
5
What is the hundred thousands digit of 403829?
4
What is the hundred thousands digit of 7097267?
0
What is the millions digit of 10835066?
0
What is the thousands digit of 1121309?
1
What is the hundreds digit of 31360438?
4
What is the hundred thousands digit of 44619502?
6
What is the tens digit of 675447?
4
What is the hundred thousands digit of 1898424?
8
What is the millions digit of 1986584?
1
What is the thousands digit of 390143?
0
What is the hundred thousands digit of 160005?
1
What is the tens digit of 90680?
8
What is the thousands digit of 1593989?
3
What is the millions digit of 14597953?
4
What is the thousands digit of 20647510?
7
What is the hundreds digit of 3676757?
7
What is the hundreds digit of 43817398?
3
What is the units digit of 437641?
1
What is the ten thousands digit of 837904?
3
What is the thousands digit of 60635?
0
What is the thousands digit of 4665045?
5
What is the ten thousands digit of 2100503?
0
What is the units digit of 7935794?
4
What is the units digit of 538821?
1
What is the hundred thousands digit of 743097?
7
What is the ten thousands digit of 255927?
5
What is the tens digit of 570559?
5
What is the ten thousands digit of 1629870?
2
What is the ten thousands digit of 296069?
9
What is the hundred thousands digit of 31751958?
7
What is the tens digit of 3036025?
2
What is the hundreds digit of 16773975?
9
What is the tens digit of 6745932?
3
What is the ten thousands digit of 202353?
0
What is the tens digit of 30803?
0
What is the ten thousands digit of 279546?
7
What is the thousands digit of 262217?
2
What is the millions digit of 2264602?
2
What is the hundreds digit of 4627049?
0
What is the units digit of 104196?
6
What is the tens digit of 3570710?
1
What is the hundred thousands digit of 1944583?
9
What is the hundreds digit of 3180711?
7
What is the units digit of 448387?
7
What is the hundreds digit of 97756?
7
What is the hundred thousands digit of 6851634?
8
What is the hundred thousands digit of 2432918?
4
What is the tens digit of 7793853?
5
What is the hundreds digit of 28026189?
1
What is the units digit of 319838?
8
What is the hundreds digit of 14755685?
6
What is the hundred thousands digit of 2540947?
5
What is the units digit of 3631587?
7
What is the thousands digit of 12526834?
6
What is the units digit of 5877401?
1
What is the hundred thousands digit of 228191?
2
What is the tens digit of 297969?
6
What is the units digit of 3681729?
9
What is the hundreds digit of 250723?
7
What is the units digit of 547748?
8
What is the tens digit of 369717?
1
What is the millions digit of 1624367?
1
What is the tens digit of 195965?
6
What is the hundreds digit of 759399?
3
What is the ten thousands digit of 1008089?
0
What is the ten thousands digit of 17388214?
8
What is the ten millions digit of 19953594?
1
What is the thousands digit of 694559?
4
What is the tens digit of 78826?
2
What is the hundred thousands digit of 654885?
6
What is the units digit of 5766820?
0
What is the hundred thousands digit of 1891186?
8
What is the units digit of 5376329?
9
What is the tens digit of 7215477?
7
What is the thousands digit of 830678?
0
What is the ten thousands digit of 77456?
7
What is the units digit of 572261?
1
What is the units digit of 5535585?
5
What is the tens digit of 2388475?
7
What is the units digit of 456685?
5
What is the tens digit of 120401?
0
What is the thousands digit of 131256?
1
What is the thousands digit of 5386841?
6
What is the hundreds digit of 5407708?
7
What is the units digit of 284117?
7
What is the ten thousands digit of 5415814?
1
What is the tens digit of 5223528?
2
What is the hundreds digit of 194965?
9
What is the ten thousands digit of 235546?
3
What is the thousands digit of 1791798?
1
What is the hundred thousands digit of 248700?
2
What is the ten thousands digit of 1099281?
9
What is the units digit of 3430514?
4
What is the hundreds digit of 14053219?
2
What is the hundreds digit of 1503208?
2
What is the millions digit of 2730237?
2
What is the units digit of 1072180?
0
What is the hundred thousands digit of 2744582?
7
What is the ten thousands digit of 128874?
2
What is the thousands digit of 1065355?
5
What is the tens digit of 1125944?
4
What is the ten thousands digit of 296526?
9
What is the tens digit of 4468295?
9
What is the units digit of 645331?
1
What is the units digit of 4845665?
5
What is the thousands digit of 1110993?
0
What is the units digit of 28587613?
3
What is the tens digit of 6041816?
1
What is the millions digit of 2277735?
2
What is the hundred thousands digit of 742132?
7
What is the thousands digit of 5554799?
4
What is the thousands digit of 205962?
5
What is the tens digit of 3989439?
3
What is the hundred thousands digit of 9308691?
3
What is the thousands digit of 112695?
2
What is the hundred thousands digit of 274406?
2
What is the ten thousands digit of 62